*i - 9 + 4*i. Let t be p(11). Let y(r) = -5*r - 2. What is y(t)?
-12
Suppose 0 = 821*s - 1013*s - 384. Let r(y) = 9*y + 7. Let a(p) = -10*p - 7. Let v(z) = -5*a(z) - 6*r(z). Determine v(s).
1
Let u(j) be the second derivative of -5*j**4/12 + j**3 + 11*j**2/2 - 828*j + 1. Determine u(-3).
-52
Let f(q) = q**2 - 23*q - 106. Let l = -16115 + 16142. Give f(l).
2
Suppose r + 66 = -21*r. Let z(l) = 27*l**3 - 4*l**2 + 7. Let y(j) = 4 + 46*j - 2*j**2 + 14*j**3 - 46*j. Let f(n) = r*z(n) + 5*y(n). Give f(1).
-10
Let r(x) = -18 - 1 + 543161*x - x**2 - 543163*x. Determine r(-4).
-27
Let v(l) = 3*l + 1. Let d be v(-2). Let q(b) = -105 + 15*b + 206 - 105 - 16*b. What is q(d)?
1
Let y(v) = -v**2 - 9*v + 3. Suppose -5*b + 5 + 40 = 5*t, 8 = -3*t + 4*b. Let p(a) = -2*a**2 - 16*a + 7. Let o(m) = t*p(m) - 7*y(m). Calculate o(0).
7
Let f(t) = 3*t + 1. Suppose -169 = -9*k - 4*k. Suppose -2*g + 7*a + k = 44, -5*a + 15 = 0. Calculate f(g).
-14
Let y(h) be the second derivative of -h**6/720 - 13*h**5/60 - 101*h**4/4 - 26*h. Let p(a) be the third derivative of y(a). Calculate p(-15).
-11
Let j(p) be the second derivative of p**5/10 - p**4/2 + p**3/6 + 9*p**2/2 - 2*p - 429. Calculate j(4).
45
Suppose 2*q - 20 = -5*j, q + 4*j + 19 = 32. Let x(v) = -v**3 + 6*v**2 - 7*v - 14. Calculate x(q).
-24
Suppose -3*j + n = 53, -289*j = -288*j - 3*n + 7. Let u(c) = -c**2 - 17*c + 56. Calculate u(j).
18
Let v(x) be the third derivative of x**7/840 - x**6/60 - x**5/20 - 7*x**4/24 - 3*x**3 - 148*x**2. Let z(j) be the first derivative of v(j). Give z(7).
0
Let k = -162 + 175. Let a(p) = 4*p + 41. Let v(m) = 2*m + 20. Let y(n) = k*v(n) - 6*a(n). What is y(-6)?
2
Let d be ((-8)/(-40))/((187/(-55))/17). Let w(z) = -9*z - 1. Let x(t) = -1. Let l(j) = w(j) - 2*x(j). Give l(d).
10
Let b(m) = -m**2 + 0*m**2 - 2 - 7 + 6*m. Suppose -5*u = 5*h - 70 - 160, -3*h + 2*u + 113 = 0. Suppose n + 4 = 0, -5*n - 7 = -4*c + h. What is b(c)?
-16
Let j = 4 - 2. Let w(p) = 2 + p**3 - 1 - 2*p**j + 0. Suppose 156*o - 160*o = d + 23, 6 = -o. Determine w(d).
0
Let l = 5 - -14. Let h(k) = -15*k + 56*k - k**2 - l*k + 7 - 12*k. Let x = -18 - -28. What is h(x)?
7
Let l(r) be the third derivative of r**4/12 + 4*r**3/3 - 130*r**2 + 10*r. What is l(-13)?
-18
Let u(y) be the second derivative of y**4/12 - y**3/6 - 12*y**2 - 146*y + 3. Calculate u(6).
6
Let j(z) be the second derivative of -z**6/720 - z**5/120 + 13*z**4/4 + z**3/6 - z - 7. Let l(d) be the third derivative of j(d). Calculate l(2).
-3
Let a(i) be the first derivative of -2*i**4 + 4*i**3/3 - 2*i**2 + 21*i + 77. Let f(y) = -2*y**3 + y**2 - y + 5. Let l(x) = -2*a(x) + 9*f(x). What is l(2)?
-11
Let y(a) = 3*a - 6 + 2*a + 0*a**2 + 2*a**3 + 5*a**2 - 3*a**3. Suppose -3*l + 2*q = 2, q = -3 + 1. Let k be ((3*2)/((-7)/14))/l. Determine y(k).
-12
Let c(m) = m**3 + 19*m**2 + 19*m + 24. Let w be (63 - 61)/(2/(-18) - 0). Give c(w).
6
Let y(a) = a - 3. Let c = -872 - -874. Let o(w) = w**2 - 3*w - 11. Let s(m) = c*y(m) + o(m). What is s(4)?
-5
Let l = 5987 + -5983. Let i(b) be the third derivative of 0*b - 15*b**2 + 1/24*b**l - 1/5*b**5 + 0 - 1/6*b**3. Give i(1).
-12
Let y(j) be the second derivative of j**5/20 - 2*j**4/3 + 2*j**3/3 - 2875*j. Suppose -4*f = -3*s - 23, 2 = -5*s + 17. Determine y(f).
32
Let k = -42 + 40. Let z be (1 + k)/(-2*(-7)/(-28)). Let y(s) = 5 + 1 + 2 + 4*s**z + s**3 - 6*s - 9. Determine y(-5).
4
Let y(m) = m**2 - 7*m + 1. Let h(u) = 30 + 29 - 58. Let i(x) = -5*h(x) - y(x). Give i(6).
0
Let d(q) = q**3 - 2*q**2 + q. Let g be d(1). Let z(l) be the first derivative of -l**3/3 + l**2/2 + 6*l + 4968. What is z(g)?
6
Suppose -y + 5*y - 162 = -2*p, 3*y - 129 = -4*p. Suppose -44*r + 30 = -y*r. Let l(u) = -u**3 + 7*u**2 - 5*u - 7. Determine l(r).
-1
Let o(t) be the first derivative of t**4/2 - t**3/3 + t**2/2 + 1070. Calculate o(-2).
-22
Let m be 2*(-92)/69*(1 + -1 + 3). Let r(x) = -x**3 - 7*x**2 + 3*x + 20. What is r(m)?
60
Let w be (9 - 48/(-8)) + -7. Let r(c) = 2*c - 11 + w + 12 + 3 - c. What is r(-10)?
2
Let z(i) be the first derivative of 5*i**4 - 2*i**3/3 - 3*i**2/2 + 4*i - 4009. Give z(1).
19
Let c(f) = 4*f**3 + 12*f**2 - 20*f - 12. Let l(v) = 7*v**3 + 25*v**2 - 39*v - 23. Let j(x) = 5*c(x) - 3*l(x). Let w = 1068 - 1084. Determine j(w).
-7
Suppose 4*m + 4 = 0, 23*k - 2*m + 6 = 21*k. Let v(s) = -2*s**2 + 5*s + 39. Determine v(k).
-13
Let z(o) = o**2 + 2*o + 5. Let v be z(0). Suppose 20 = -v*k - 4*n - 5, 0 = 2*k - n - 3. Let f(b) = 34*b**2 + b. Determine f(k).
33
Let c(k) = -27 + 18*k - 23 + 16. Let r be c(2). Let o(y) = -2*y + 9. What is o(r)?
5
Let m(y) = 22*y + 468. Let c(g) = 43*g + 852. Let k(r) = 5*c(r) - 9*m(r). What is k(-4)?
-20
Let r(q) = 3*q**2 + 8*q + 6. Suppose -87*b - 367 = -19. Give r(b).
22
Let w be (5*1)/(-36 + (-4753)/(-133)). Let c(m) = -m - 86. Calculate c(w).
-67
Let u(w) = w**3 - 6*w**2 + 3*w - 28. Suppose 2*p - 27 = -15. Let d be u(p). Let r(y) = -y**2 - 15*y - 5. Calculate r(d).
45
Let t(u) = u - 4. Let g be t(3). Let n = -77 + 79. Let o(j) = 2 + 26*j**3 - n*j**2 - 27*j**3 - 1. What is o(g)?
0
Let k(v) = -10*v - 1. Let a(y) be the third derivative of y**4/12 + 17*y**3/6 - 1230*y**2. Let j be (18/4)/((-2)/4). Let m be a(j). Determine k(m).
9
Let q be -1*(0 + 1*-7). Suppose 6*b - 14727 = 13833. Let d(r) = 2377*r - b*r + 14 + 2382*r. Give d(q).
7
Suppose 4*t + 9*t = 65. Let i(a) = 18*a - t*a - 8*a - 6*a. Give i(-4).
4
Let k = -4102 - -4102. Let s(h) = h + 47. Determine s(k).
47
Let p(b) = -b**3 - 2*b**2 - 2*b + 1. Let i be (-2)/8 - (-243)/12. Suppose 0 = -i*l + 18*l - 98. Let r = 47 + l. Give p(r).
5
Let k = 9 + -7. Let l(c) be the first derivative of -5*c**4/12 + c**2 - 113*c + 113. Let h(z) be the first derivative of l(z). Give h(k).
-18
Let k(v) be the first derivative of v**2 - 1/3*v**3 + 2*v**4 - 43 - v. Calculate k(1).
8
Let u(n) be the third derivative of n**6/360 + 25*n**4/24 + 13*n**3/2 + 6*n**2 - 6*n. Let v(f) be the first derivative of u(f). Calculate v(0).
25
Let g(k) be the second derivative of -k**4/12 - 3*k**3/2 + 3*k**2/2 + 2413*k. What is g(-6)?
21
Let t(m) = 19*m**2 - 16*m - 7. Let o(j) = -109*j**2 + 93*j + 41. Let x(d) = -4*o(d) - 23*t(d). Let a = -15 - -9. Let p be (-1)/(-2) - (-15)/a. Calculate x(p).
1
Let s(w) = -10 + 11*w - 5*w**2 - 22*w**2 + 26*w**2. What is s(10)?
0
Let a(d) = -4852 - 4862 + 14565 + d - 4859. Calculate a(25).
17
Let r be 6/(-5)*(-160)/24. Let h(y) = 7*y - 9. Let x(u) = 3*u - 5. Let o(d) = -2*h(d) + 5*x(d). What is o(r)?
1
Let g(k) = -2*k**2 + 3*k - 8. Let p(l) = 2*l**3 - 12*l**2 + 4*l - 20. Let s be p(6). What is g(s)?
-28
Let c be (4 - -6)/5 - (2 - 2). Let h(m) = -15*m - 6. What is h(c)?
-36
Let n(v) = -v**3 + 11*v**2 + 10*v + 1. Let s be n(9). Let d = s - 256. Let j(y) = -3*y - 2. Give j(d).
7
Let o be -124*(104/32)/(-13). Suppose o*q - 55 = 20*q. Let g(d) = d + 3. Give g(q).
8
Let o(n) be the second derivative of -n**5/20 + 2*n**4/3 - 4*n**3/3 - 3*n**2/2 + 2455*n. Calculate o(5).
32
Let w(b) = b**3 + b**2 - 2*b - 9. Let y be ((-1 - (-80)/12) + -3)*117/156. Determine w(y).
-1
Let w(f) = -10*f**3 + 7*f**2 + 7*f - 7. Let g = -52 + 36. Let l = -22 - g. Let x(q) = 10*q**3 - 8*q**2 - 8*q + 8. Let o(t) = l*x(t) - 7*w(t). Determine o(1).
9
Let r(t) be the first derivative of -9*t + 152 - 7/2*t**2 + 5/3*t**3 + 1/4*t**4. Calculate r(-6).
-3
Let l be (-1 + 4/6)*3. Let c(z) = 56 - 2*z + 20*z**3 - 57 + 259915*z**2 - 259915*z**2. What is c(l)?
-19
Let u(a) = a**2 + 22*a - 1. Let c(s) = 2*s**2 - s - 780. Let m be c(20). What is u(m)?
-1
Let i = -9 - -101. Let x = 105 - i. Let p(q) = -q**2 + 14*q - 9. Determine p(x).
4
Let y(g) be the first derivative of -g**2/2 - 2*g + 19. Let f be 21/(1071/(-68))*(-3)/(-2). Determine y(f).
0
Let b(n) = -3*n**2 + 4*n - 7. Let v(m) = 11*m**2 - 17*m + 25. Let o(z) = -15*b(z) - 4*v(z). Let s(w) = -w**3 + 5*w**2 + 4*w + 6. Let c be s(6). Give o(c).
-7
Suppose 0 = 3*m - 6 - 9. Let a = 226 - 123. Let t(o) = 181 + 2*o - 80 - a. Calculate t(m).
8
Suppose -202*l - 58 = -173*l. Let q(n) = 5*n - 9. Calculate q(l).
-19
Let d(s) = -s**3 - 17*s**2 - 61*s - 6. Let t = 11102 + -11114. What is d(t)?
6
Let c(b) be the third derivative of b**5/20 + 5*b**4/24 - b**3/2 - 50*b**2 + 3. Calculate c(-5).
47
Let h(j) = -3*j - 63. Let k(l) = -12*l - 231. Let w(d) = -11*h(d) + 3*k(d). Give w(-9)